{"id":80,"date":"2013-09-22T03:14:43","date_gmt":"2013-09-22T01:14:43","guid":{"rendered":"http:\/\/www.metropolitankw.at\/?page_id=80"},"modified":"2023-01-16T19:09:13","modified_gmt":"2023-01-16T18:09:13","slug":"kontakt","status":"publish","type":"page","link":"https:\/\/www.metropolitankw.at\/?page_id=80","title":{"rendered":"Kontakt"},"content":{"rendered":"<p style=\"text-align: justify;\">Das Metropolitan Kammerorchester Wien ist da zuhause, wo Freunde der klassischen Musik zu finden sind. Die musikalische Botschaft des Orchesters passt fast zu jedem Anlass. Wenn auch Sie einmal Gastgeber der Metropolitan Kammerorchester Wien sein oder das Orchester f\u00fcr ein besonderes Event buchen m\u00f6chten, stellen wir Ihnen gerne im Rahmen Ihrer budget\u00e4ren M\u00f6glichkeiten ein entsprechendes Programm zusammen. Individuell und professionell.<\/p>\n<p>Rufen Sie uns an oder schreiben Sie uns per Mail. Wir freuen uns auf Ihre Kontaktaufnahme!<\/p>\n<p>Gesch\u00e4ftsf\u00fchrerin:<br \/>\nTanja Scripcaru<\/p>\n<p>Metropolitan Kammerorchester Wien<br \/>\nHamburgerstra\u00dfe 3\/1\/8,<br \/>\n1050, Wien<br \/>\nE-Mail: office@metropolitankw.at<\/p>\n<p style=\"text-align: left;\">Telefonnummer: +43 680 1184775<\/p>\n","protected":false},"excerpt":{"rendered":"<p>Das Metropolitan Kammerorchester Wien ist da zuhause, wo Freunde der klassischen Musik zu finden sind. Die musikalische Botschaft des Orchesters passt fast zu jedem Anlass. Wenn auch Sie einmal Gastgeber der Metropolitan Kammerorchester Wien sein oder das Orchester f\u00fcr ein besonderes Event buchen m\u00f6chten, stellen wir Ihnen gerne im Rahmen Ihrer budget\u00e4ren M\u00f6glichkeiten ein entsprechendes [&hellip;]<\/p>\n","protected":false},"author":1,"featured_media":0,"parent":0,"menu_order":0,"comment_status":"closed","ping_status":"closed","template":"","meta":{"footnotes":""},"_links":{"self":[{"href":"https:\/\/www.metropolitankw.at\/index.php?rest_route=\/wp\/v2\/pages\/80"}],"collection":[{"href":"https:\/\/www.metropolitankw.at\/index.php?rest_route=\/wp\/v2\/pages"}],"about":[{"href":"https:\/\/www.metropolitankw.at\/index.php?rest_route=\/wp\/v2\/types\/page"}],"author":[{"embeddable":true,"href":"https:\/\/www.metropolitankw.at\/index.php?rest_route=\/wp\/v2\/users\/1"}],"replies":[{"embeddable":true,"href":"https:\/\/www.metropolitankw.at\/index.php?rest_route=%2Fwp%2Fv2%2Fcomments&post=80"}],"version-history":[{"count":10,"href":"https:\/\/www.metropolitankw.at\/index.php?rest_route=\/wp\/v2\/pages\/80\/revisions"}],"predecessor-version":[{"id":376,"href":"https:\/\/www.metropolitankw.at\/index.php?rest_route=\/wp\/v2\/pages\/80\/revisions\/376"}],"wp:attachment":[{"href":"https:\/\/www.metropolitankw.at\/index.php?rest_route=%2Fwp%2Fv2%2Fmedia&parent=80"}],"curies":[{"name":"wp","href":"https:\/\/api.w.org\/{rel}","templated":true}]}}