{"id":210,"date":"2013-09-27T17:44:00","date_gmt":"2013-09-27T15:44:00","guid":{"rendered":"http:\/\/www.metropolitankw.at\/?page_id=210"},"modified":"2013-09-27T17:44:00","modified_gmt":"2013-09-27T15:44:00","slug":"albena-danailova-violine","status":"publish","type":"page","link":"https:\/\/www.metropolitankw.at\/?page_id=210","title":{"rendered":"Albena DANAILOVA &#8211; Violine"},"content":{"rendered":"<p style=\"text-align: justify;\"><a href=\"http:\/\/www.metropolitankw.at\/wp-content\/uploads\/danailova11_190.jpg\"><img loading=\"lazy\" decoding=\"async\" class=\"alignleft size-full wp-image-211\" alt=\"danailova11_190\" src=\"http:\/\/www.metropolitankw.at\/wp-content\/uploads\/danailova11_190.jpg\" width=\"190\" height=\"258\" \/><\/a>wurde in Sofia als Tochter eines Geigers und einer Pianistin geboren und begann im Alter von f\u00fcnf Jahren ihre musikalische Ausbildung bei Nely Jeleva und Dora Ivanova an der Musikschule bzw. Akademie ihrer Heimatstadt. Nach der Matura studierte sie Konzertfach Violine an der Hochschule f\u00fcr Musik und Theater Rostock und in Hamburg bei Petru Munteanu und schlo\u00df 2001 mit der Diplompr\u00fcfung ab, nachdem sie die Ausbildung durch Meisterkurse bei Ida Haendel, Herman Krebbers u. a. erg\u00e4nzt hatte. Im selben Jahr erhielt sie ein Engagement als Sekundgeigerin des Bayerischen Staatsorchesters, wo sie 2003 zur Vorspielerin der ersten Violinen und 2006 zur Ersten Konzertmeisterin avancierte. In dieser Funktion war sie 2003\/04 auch im London Philharmonic Orchestra t\u00e4tig, ehe sie per 1. September 2008 als Konzertmeisterin des Orchesters der Wiener Staatsoper engagiert wurde.<\/p>\n<p style=\"text-align: justify;\">Die Preistr\u00e4gerin zahlreicher Wettbewerbe (Zweiter Preis \u201eKloster Sch\u00f6ntal&#8220;, \u201eTibor Varga-Spezialpreis&#8220;, Semifinalistin beim Moskauer \u201eTschaikowsky-Wettbewerb&#8220;, Erster Preis \u201eVittorio Gui&#8220; u. a.) baute neben der Orchesterlaufbahn eine ebenso erfolgreiche Karriere als Solistin und Kammermusikerin auf: Albena Danailova ist regelm\u00e4\u00dfig in Bulgarien, Deutschland, Israel, den USA etc. zu Gast, machte Aufnahmen f\u00fcr Deutschlandradio Kultur, den Norddeutschen Rundfunk sowie f\u00fcr Fernsehen und Rundfunk ihres Heimatlandes und ist seit Beginn dieser Saison (als Nachfolgerin von Paul Guggenberger bzw. Rainer Honeck) Primaria des \u201eEnsemble Wien&#8220;. Bereits zweimal trat sie als philharmonische Solistin hervor: Am 24. J\u00e4nner 2009 spielte sie bei der Salzburger Mozartwoche mit Tam\u00e1s Varga, Harald H\u00f6rth und Michael Werba unter der Leitung von Seiji Ozawa Joseph Haydns Sinfonia concertante in B-Dur, Hob. I:105, und im Oktober 2009 faszinierte sie mit dem Violinsolo in Richard Strauss&#8216; Sinfonischer Dichtung \u201eEin Heldenleben&#8220; \u2013 dem von Georges Pr\u00eatre geleiteten II. Abonnementkonzert folgten damals eine Auff\u00fchrung im Wiener Konzerthaus sowie das von ORF 2 direkt \u00fcbertragene \u201eKonzert f\u00fcr \u00d6sterreich&#8220;, das am 26. Oktober 2009 im Linzer Brucknerhaus stattfand.<\/p>\n","protected":false},"excerpt":{"rendered":"<p>wurde in Sofia als Tochter eines Geigers und einer Pianistin geboren und begann im Alter von f\u00fcnf Jahren ihre musikalische Ausbildung bei Nely Jeleva und Dora Ivanova an der Musikschule bzw. Akademie ihrer Heimatstadt. Nach der Matura studierte sie Konzertfach Violine an der Hochschule f\u00fcr Musik und Theater Rostock und in Hamburg bei Petru Munteanu [&hellip;]<\/p>\n","protected":false},"author":1,"featured_media":0,"parent":0,"menu_order":0,"comment_status":"closed","ping_status":"closed","template":"","meta":{"footnotes":""},"_links":{"self":[{"href":"https:\/\/www.metropolitankw.at\/index.php?rest_route=\/wp\/v2\/pages\/210"}],"collection":[{"href":"https:\/\/www.metropolitankw.at\/index.php?rest_route=\/wp\/v2\/pages"}],"about":[{"href":"https:\/\/www.metropolitankw.at\/index.php?rest_route=\/wp\/v2\/types\/page"}],"author":[{"embeddable":true,"href":"https:\/\/www.metropolitankw.at\/index.php?rest_route=\/wp\/v2\/users\/1"}],"replies":[{"embeddable":true,"href":"https:\/\/www.metropolitankw.at\/index.php?rest_route=%2Fwp%2Fv2%2Fcomments&post=210"}],"version-history":[{"count":1,"href":"https:\/\/www.metropolitankw.at\/index.php?rest_route=\/wp\/v2\/pages\/210\/revisions"}],"predecessor-version":[{"id":213,"href":"https:\/\/www.metropolitankw.at\/index.php?rest_route=\/wp\/v2\/pages\/210\/revisions\/213"}],"wp:attachment":[{"href":"https:\/\/www.metropolitankw.at\/index.php?rest_route=%2Fwp%2Fv2%2Fmedia&parent=210"}],"curies":[{"name":"wp","href":"https:\/\/api.w.org\/{rel}","templated":true}]}}